-4979 + 5071 + 2 + (2 - -23).
119
-26 - (31 - (156 + 20))
119
Evaluate -3 - (17 - (-2 + 7) - (0 - -3 - -2)).
-10
What is 34 + -62 + 49 - (-1 - 15)?
37
Evaluate 58 - (77 + -87) - 142.
-74
(270 - 116) + -25 + -1 + (17 - 2)
143
-1 - (-1 + (-6 - -15) - -17)
-26
19 - ((35 - 62) + 27 - (-9 + -1))
9
What is the value of (7 - (6 - (-1 + -6) - 9)) + -15?
-12
What is the value of 8 + -5 + -7 + 14 + -15?
-5
(-22 + 40 - (9 - 34)) + -23
20
What is -14 + (-7 + (-5 - -17) - 14) + (11 - 4)?
-16
What is 10 + (4 + -49 - -56)?
21
Evaluate (-82 - (13 - 57)) + (-21 - 11).
-70
Evaluate -4 - 39 - ((40 - 20 - 25) + -10).
-28
Calculate -31 + 5 - (63 - 141) - 27.
25
Evaluate 12 + (-289 - -291) + (2 + 11 - -1).
28
What is -272 + 237 - ((-7 - -13) + -107)?
66
What is the value of (58 - -1) + (-4049 - -3907)?
-83
Evaluate (-2 - 0) + (-4 - ((-3 - 0 - -27) + 5)).
-35
Evaluate 28 - -55 - 5 - 116.
-38
What is 6 - (-1 + -2 - -2) - (8 + (20 - 22))?
1
Calculate (18 - 10) + -4 + 4 + -3 + -4.
1
What is the value of 3 + ((-9 - 1) + 15 - (-13 + 4))?
17
-7 - -18 - (11 + -4) - (44 - -2)
-42
-59 + 28 + 3 + -1 + -19
-48
What is the value of -3 + (-2 - -1) + -4 - (8 + 45 + -9)?
-52
Calculate 14 + 8 + 13 + -28 + 5 + -4 - 3.
5
What is the value of (-22 + 12 - 6) + (-3 + -1 - -7)?
-13
Evaluate (-5 - 83) + 43 + 84.
39
What is (3 - 13 - 9 - -162) + -30?
113
What is the value of -3 - 7 - (9 + 6 + 1 + 2 - 11)?
-17
Evaluate -9 - (-45 + -92 + 180).
-52
3 - -29 - (333 - 263)
-38
(45 - (0 - -1)) + (86 - 153 - -71)
48
20 + 13 + (-4 + 35 - 16)
48
Calculate (24 - 9) + (3 - 9) + (-6 + -12 - 7).
-16
Evaluate 52 + (2 - -11) + -58.
7
1 + (0 - -11) + -21 + 5 + 6
2
What is the value of -18 - (-8 + 0 + 39 + (-10 - 7) + -8)?
-24
(1 - -46) + (-872 + 891 - (27 - -1))
38
Evaluate -7 + 5 + 7 + -8 + 2 + -32.
-33
What is (-78 + 28 - 75) + 197?
72
What is (3 - 13) + -1 - (20 - -38 - 44)?
-25
Evaluate (-17 + (15 - 10) - (2 - 49)) + -18 + 27.
44
What is 27 + -33 + (-55 - -7)?
-54
-38 + -93 + 131 + (4 - 0) + (1 - -26)
31
12 - (9 + 8) - (7 + -6 + -7)
1
Calculate -47 + (23 - 23 - 4) - (2 + 8 + -2).
-59
Evaluate (-18 + 15 - -16 - 25) + -31.
-43
-27 + 0 - (-17 - (-120 - -85))
-45
Evaluate 11 + (-118 - -126 - ((3 - -26) + -2)).
-8
22 - 1 - (-130 + 67 - -39)
45
Calculate (50 - 4) + (8 - 27) - (6 - (2 - 8)).
15
Calculate -7 - (-34 + 0 - -11) - 67 - (-2 - 8).
-41
Calculate 32 - ((11 - -1) + 13 + 0 + 1262 + -1279).
24
5 + -15 + 2 - (7 + -6 + -6 - -2)
-5
What is the value of (-5 + -2 + 1 - -5) + (-188 - -178)?
-11
What is the value of (13 - (-7 - -18)) + -48 - -20?
-26
What is (-26 - -37) + -46 + (-6 - ((-3 - -1) + 2))?
-41
What is -55 + (-22 + 39 - 0) - 14?
-52
What is the value of 51 - 63 - (-1 + 3 + -5 - 56)?
47
Calculate 0 + -40 + 51 - 64.
-53
What is 41 + 12 + -38 + -45?
-30
(-49 - -4) + 82 + -39 - (-1 + -50 + -1)
50
Calculate 56 + 30 + (-18 - (-12 + 18)).
62
What is 0 + -76 - -156 - (7 + 2)?
71
48 + -30 + 146 + -87
77
What is -1 + (-6 - 2) - (-145 - -155)?
-19
What is (-25 - -16) + 0 - -19 - (2 + 14) - 84?
-90
-28 + 5 + 1 + -7 + 10 + -9
-28
What is -7 - ((-3 - -15) + -20 + (-24 - -29) - -5)?
-9
What is -398 + 387 + -25 + 3 - 41?
-74
Evaluate (-173 + (11 - (11 + -13)) - -2) + 18 + -5.
-145
-77 + 3 + -11 + 25 + (-15 - 16)
-91
Evaluate (-1 - -6) + 2 + 14 + 139 + -155 - 51.
-46
Evaluate (20 - (-17 + 68 + -33)) + -33.
-31
What is (7 - 2 - 7 - 7) + -141 + 142?
-8
What is the value of (-3 + -8 + 3 + -2 - -3) + -543 + 515?
-35
Evaluate 47 - (16 + -1 + -159 + 160).
31
Calculate -13 + (-2 + 0 + 27 - -13).
25
Calculate (2 - (-104 + 22)) + (2 - 0 - (-22 + 22)).
86
What is (29 - 2) + 45 - 0 - (20 - -1)?
51
Calculate -26 + (19 - 18) + (-73 - -20).
-78
-6 + -66 + -17 + (13 - 25)
-101
What is (-12 + 15 - 0 - -55) + -17?
41
(10 - (3 - -3)) + 1 - (35 + 8 - 30)
-8
(-11 - ((-7 - -25) + -10)) + -16
-35
What is 73 + (-111 - -10) + 58?
30
What is 31 + -4 - (377 - 352)?
2
Evaluate 5 + -15 + 34 + 9.
33
Calculate (-4 + 2 - -2 - -10) + -119 + -19.
-128
What is the value of 1 + 16 + (1 + 14 - (-324 + 324))?
32
Evaluate -1 + (0 - 1) + -3 + (15 - 41).
-31
Calculate 38 + (6 - (-14 + 12 + -12) - 8) + -3.
47
What is -37 - -18 - (-19 - (47 - 83))?
-36
Calculate 50 - (141 + -57) - -37.
3
Calculate -23 - (41 - (-164 - -98)).
-130
Calculate 10 - (-7 - -7 - (-4 + 15 + (-10 - -8))).
19
What is the value of 51 + (19 - (27 + -50) - 30)?
63
Calculate -192 - -68 - -143 - (0 - 16).
35
Calculate 14 + -2 - 59 - (2 + -3 - -1).
-47
What is 31 + -11 + 10 + 31 + -17?
44
What is 8 + 1 + -12 + 64 - (-2 + -9 + -2)?
74
(6 - 4) + -4 + (-118 - -67 - (-2 + 4))
-55
-7 - (15 + (-11 - -8) + 1)
-20
What is the value of (10 - (-26 + 13 - -8 - -14)) + 44?
45
What is (20 - (-31 + 62 - 38)) + 48?
75
What is the value of -52 + (-57 - -110) + 7?
8
What is -74 - (-7 + 28 + -67)?
-28
Calculate (0 - (-14 + -2)) + (-5 + -170 - (-123 - -94)).
-130
(12 - 2 - (10 - (-20 - -36 - 5))) + 65
76
Evaluate -37 + 25 + (-8 + 62 - -1 - -8) + 11.
62
Calculate 28 + (-4 - 20) + (27 + -22 - -6).
15
Calculate -4 - 69 - (-805 + 757).
-25
What is the value of -75 - (-8 + (-20 - (-30 + 24)))?
-53
Calculate -88 + 63 + -51 + 52.
-24
(1 - (19 + -3)) + 13 - 2 - -28
24
58 + (-13 - 0 - (-468 + 464)) + (12 - 1)
60
What is (21 - 23) + 9 + -12 + -7 - (-12 - -2)?
-2
11 + -21 - (-181 - -253)
-82
What is the value of -3 + -24 + (-142 - -179)?
10
What is the value of 17 - 28 - (26 + -48) - -14?
25
What is the value of -102 + -42 + (55 - 25)?
-114
Calculate -5 + -1 + 1 - (-535 + 390 + (13 - -56)).
71
Evaluate 2 + -8 + (6 - 18).
-18
What is -76 - -102 - (55 + 55)?
-84
What is -6 - (40 - (2 - 13)) - -14 - (6 + 1)?
-50
What is 0 + 40 - ((41 - (-36 + 63)) + -14 + -2)?
42
Calculate 16 - (-14 + 47) - (1 + -15) - 15.
-18
Calculate 41 - (-127 - -55 - -112).
1
Calculate (-43 - -70 - 74) + 11.
-36
Calculate -33 + (-4 - (-37 + 11)) + 14.
3
Calculate 93 + 12 + (-15 - 4) - (24 + -8).
70
Evaluate -117 + 9 + (4 - 14) + -2 + (13 - 17).
-124
What is 118 + -205 + 5 + (42 - 7)?
-47
What is the value of (103 - 122) + (-12 - (-6 - (1 - 4)))?
-28
Evaluate 35 - (129 - (-2 + 56)).
-40
Evaluate 20 + (68 - 92) + 51.
47
Evaluate (2897 - 2896) + (1 - 46).
-44
What is the value of 96 - ((13 - 61) + 34 + 43)?
67
Calculate 134 + (9 - (49 + (7 - 30))).
117
What is 10 + -24 + 12 + 4 + -7 + -2 - 31?
-38
What is the value of ((-7 - 2) + (10 - 6) - 6) + (-7 - -9)?
-9
Calculate -28 + (7 - (-40 - -33) - 29).
-43
What is the value of -26 - ((-299 - -301) + -12 + -2 + 4)?
-18
Evaluate (-4 - (2 - 2)) + 9 + 92 + -33 + -6.
58
2 + -52 - (-383 - -382)
-49
(-12 + 26 - (0 + (13 - 0))) + 8
9
-19 - (1 + 25 - (731 - 716))
-30
What is 3 - (2 + 5 + -3 + 3) - (12 - 13)?
-3
Calculate -127 - (37 - 271) - 236.
-129
-25 - (-10 - -80 - 128)
33
What is 17 + 82 - (19 - -31) - 65?
-16
Evaluate -27 + (-54 - -83) + -1 + 9.
10
Calculate -1 + 0 + (22 - (-36 - (-68 + 0))).
-11
What is the value of 53 + -152 - ((-12 - -9) + -18)?
-78
What is the value of 8 - (-8 + -1 + 8 + 7 - -7)?
-5
What is the value of (5 - (-3 + (-14 - -3 - 1) + -62)) + 8?
90
What is the value of -13 + 1 + 2 + 109 + -56?
43
What is the value of 1 + -6 - (-127 - -134) - 81?
-93
What is -10 - (57 - 33 - (-12 - 21))?
-67
What is the value of 0 + (-11 - 3) - (-442 + 444)?
-16
Calculate -89 - (24 - (13 + (16 + -2 - (22 - 7)))).
-101
What is -81 + 7 - (-18 + 15 + -8 - -4)?
-67
What is the value of (7 - (-2 - -9) - -96) + (-3 - (23 - 33))?
103
What is -26 - -32 - (-11 + (12 - 17) - -20)?
2
What is (-123 - -41 - 24) + 65?
-41
What is -28 - (10 - ((-2 - -8) + (-14 - (-8 - -5))))?
-43
Evaluate 19 - 47 - 16 - (1 + (6 - 0 - 4)).
-47
What is 5 - 6 - (4 + -3) - (-1 + 10 + 6)?
-17
What is -8 + (-13 - 20) + -32?
-73
Calculate 41 - ((-17 - (6 + -2)) + -91 + 95).
58
What is (-43 - -38) + (1 - (0 - 2)) - (-428 + 432)?
-6
14 + (-19 - (8 + 1 + -20) - -52)
58
Calculate -124 - (2 - 3) - (-6335 + 6323).
-111
Calculate (0 - (-5 + 5)) + 1 + -3 - (-128 - -148).
-22
What is -464 + 509 - (9 + -8 + -36)?
80
What is (-37 - (3 - 3)) + (29 - -32) + -48?
-24
Calculate 2 - (-8 - 0) - ((-126 - -70) + 45).
21
What is the value of -29 + 2 + (-28 + 31 - (7 + -6))?
-25
Evaluate 49 + -40 + 6 - (-8 - (-4 - -1)).
20
Calculate -65 + 2 - (-39 - 24 - -57).
-57
Calculate 0 + -14 + 3 - (4696 + -4607).
-100
Evaluate 27 + 3 + -131 + (45 - 4).
-60
-26 - (-3 + 0) - (3